s of 13318.
2, 6659
List the prime factors of 2201.
31, 71
What are the prime factors of 5750?
2, 5, 23
What are the prime factors of 1034?
2, 11, 47
What are the prime factors of 2131?
2131
What are the prime factors of 7343?
7, 1049
List the prime factors of 3365.
5, 673
List the prime factors of 784.
2, 7
What are the prime factors of 2105?
5, 421
What are the prime factors of 649?
11, 59
What are the prime factors of 3390?
2, 3, 5, 113
What are the prime factors of 11500?
2, 5, 23
What are the prime factors of 148569?
3, 49523
What are the prime factors of 86203?
13, 19, 349
List the prime factors of 795.
3, 5, 53
What are the prime factors of 3888?
2, 3
List the prime factors of 18.
2, 3
What are the prime factors of 216?
2, 3
What are the prime factors of 2714?
2, 23, 59
List the prime factors of 9878.
2, 11, 449
What are the prime factors of 115304?
2, 7, 29, 71
What are the prime factors of 1852?
2, 463
List the prime factors of 1025.
5, 41
List the prime factors of 1067.
11, 97
What are the prime factors of 3353?
7, 479
List the prime factors of 4035.
3, 5, 269
What are the prime factors of 1138?
2, 569
What are the prime factors of 5038?
2, 11, 229
List the prime factors of 2901.
3, 967
What are the prime factors of 639?
3, 71
What are the prime factors of 35819?
7, 17, 43
What are the prime factors of 11808?
2, 3, 41
List the prime factors of 351.
3, 13
What are the prime factors of 9509?
37, 257
What are the prime factors of 676?
2, 13
List the prime factors of 56243.
11, 5113
List the prime factors of 11163.
3, 61
What are the prime factors of 1313?
13, 101
List the prime factors of 3439.
19, 181
What are the prime factors of 100765?
5, 7, 2879
List the prime factors of 14089.
73, 193
What are the prime factors of 1227?
3, 409
List the prime factors of 329.
7, 47
What are the prime factors of 5194?
2, 7, 53
List the prime factors of 568.
2, 71
List the prime factors of 1675.
5, 67
What are the prime factors of 6438?
2, 3, 29, 37
List the prime factors of 1821.
3, 607
What are the prime factors of 521?
521
List the prime factors of 19180.
2, 5, 7, 137
What are the prime factors of 17909?
17909
List the prime factors of 7453.
29, 257
List the prime factors of 24303.
3, 8101
What are the prime factors of 149?
149
What are the prime factors of 2785?
5, 557
What are the prime factors of 464?
2, 29
What are the prime factors of 2785?
5, 557
What are the prime factors of 1456?
2, 7, 13
What are the prime factors of 4616?
2, 577
What are the prime factors of 12006?
2, 3, 23, 29
List the prime factors of 62363.
7, 59, 151
List the prime factors of 4415.
5, 883
What are the prime factors of 43?
43
List the prime factors of 8421.
3, 7, 401
List the prime factors of 15794.
2, 53, 149
List the prime factors of 63.
3, 7
List the prime factors of 700.
2, 5, 7
List the prime factors of 8197.
7, 1171
What are the prime factors of 5572?
2, 7, 199
What are the prime factors of 1214?
2, 607
What are the prime factors of 3143?
7, 449
What are the prime factors of 73870?
2, 5, 83, 89
What are the prime factors of 9534?
2, 3, 7, 227
List the prime factors of 23210.
2, 5, 11, 211
List the prime factors of 5424.
2, 3, 113
List the prime factors of 78112.
2, 2441
List the prime factors of 5606.
2, 2803
List the prime factors of 65.
5, 13
List the prime factors of 1711.
29, 59
What are the prime factors of 78563?
251, 313
What are the prime factors of 37995?
3, 5, 17, 149
What are the prime factors of 5999?
7, 857
List the prime factors of 839.
839
List the prime factors of 7949.
7949
List the prime factors of 28259.
7, 11, 367
What are the prime factors of 5011?
5011
List the prime factors of 141430.
2, 5, 14143
List the prime factors of 241.
241
List the prime factors of 1799.
7, 257
What are the prime factors of 6219?
3, 691
List the prime factors of 347.
347
List the prime factors of 149.
149
List the prime factors of 47281.
13, 3637
What are the prime factors of 9528?
2, 3, 397
List the prime factors of 620.
2, 5, 31
What are the prime factors of 2753?
2753
List the prime factors of 1773.
3, 197
List the prime factors of 2999.
2999
What are the prime factors of 6704?
2, 419
List the prime factors of 6463.
23, 281
What are the prime factors of 67680?
2, 3, 5, 47
What are the prime factors of 666?
2, 3, 37
What are the prime factors of 3867?
3, 1289
What are the prime factors of 10047?
3, 17, 197
What are the prime factors of 16240?
2, 5, 7, 29
What are the prime factors of 1952?
2, 61
List the prime factors of 11430.
2, 3, 5, 127
What are the prime factors of 2945?
5, 19, 31
What are the prime factors of 44845?
5, 8969
What are the prime factors of 177?
3, 59
List the prime factors of 16600.
2, 5, 83
What are the prime factors of 1176?
2, 3, 7
List the prime factors of 45450.
2, 3, 5, 101
List the prime factors of 6398.
2, 7, 457
List the prime factors of 6933.
3, 2311
What are the prime factors of 3929?
3929
What are the prime factors of 687?
3, 229
What are the prime factors of 148?
2, 37
List the prime factors of 45724.
2, 7, 23, 71
What are the prime factors of 2452?
2, 613
List the prime factors of 16666.
2, 13, 641
What are the prime factors of 126175?
5, 7, 103
What are the prime factors of 2359?
7, 337
List the prime factors of 508.
2, 127
What are the prime factors of 14453?
97, 149
What are the prime factors of 4914?
2, 3, 7, 13
List the prime factors of 4058.
2, 2029
List the prime factors of 17497.
17497
List the prime factors of 3708.
2, 3, 103
List the prime factors of 13462.
2, 53, 127
What are the prime factors of 386?
2, 193
What are the prime factors of 2095?
5, 419
List the prime factors of 1799.
7, 257
What are the prime factors of 65450?
2, 5, 7, 11, 17
What are the prime factors of 865?
5, 173
List the prime factors of 16723.
7, 2389
List the prime factors of 93.
3, 31
List the prime factors of 9286.
2, 4643
List the prime factors of 10426.
2, 13, 401
List the prime factors of 705.
3, 5, 47
List the prime factors of 1498.
2, 7, 107
List the prime factors of 10979.
10979
What are the prime factors of 54592?
2, 853
What are the prime factors of 20208?
2, 3, 421
List the prime factors of 160.
2, 5
What are the prime factors of 7319?
13, 563
List the prime factors of 2045.
5, 409
List the prime factors of 37874.
2, 29, 653
List the prime factors of 70326.
2, 3, 3907
What are the prime factors of 7791?
3, 7, 53
List the prime factors of 23277.
3, 7759
List the prime factors of 1348.
2, 337
List the prime factors of 56924.
2, 7, 19, 107
List the prime factors of 1683.
3, 11, 17
What are the prime factors of 157044?
2, 3, 23, 569
What are the prime factors of 14?
2, 7
List the prime factors of 5221.
23, 227
List the prime factors of 3131.
31, 101
What are the prime factors of 17999?
41, 439
What are the prime factors of 4794?
2, 3, 17, 47
List the prime factors of 3339.
3, 7, 53
List the prime factors of 53800.
2, 5, 269
List the prime factors of 1939.
7, 277
List the prime factors of 1119.
3, 373
List the prime factors of 2308.
2, 577
What are the prime factors of 74289?
3, 24763
What are the prime factors of 193154?
2, 13, 17, 19, 23
List the prime factors of 9118.
2, 47, 97
List the prime factors of 1739.
37, 47
What are the prime factors of 947?
947
List the prime factors of 18983.
41, 463
List the prime factors of 3118.
2, 1559
List the prime factors of 4378.
2, 11, 199
What are the prime factors of 14393?
37, 389
What are the prime factors of 55691?
55691
What are the prime factors of 14231?
7, 19, 107
What are the prime factors of 360?
2, 3, 5
List the prime factors of 3964.
2, 991
What are the prime factors of 1940?
2, 5, 97
What are the prime factors of 8087?
8087
List the prime factors of 1045.
5, 11, 19
List the prime factors of 71399.
71399
What are the prime factors of 1046?
2, 523
List the prime factors of 7398.
2, 3, 137
What are the prime factors of 24102?
2, 3, 13, 103
What are the prime factors of 1040?
2, 5, 13
List the prime factors of 8209.
8209
What are the prime factors of 429?
3, 11, 13
List the prime factors of 87122.
2, 7, 127
List the prime factors of 16084.
2, 4021
What are the prime factors of 2505?
3, 5, 167
List the prime factors of 4068.
2, 3, 113
What are the prime factors of 666?
2, 3, 37
What are th